= -1834 - -1836. Give f(c).
-53
Let v be (-1)/((-8)/20)*36/(-15). Let t(o) = o**3 + 7*o**2 + 4*o + 4. Give t(v).
16
Let t(l) = -l**2 - l - 7. Let x(i) = i**2 + 7. Let b(a) = 6*t(a) + 5*x(a). Suppose p = -5*o - 11, -8 = 4*p - 4*o + 12. Give b(p).
-7
Let j = 8 - 8. Let v(k) = 6*k - 3*k + j - 4 + 0*k. Suppose r + 9 = 14. Calculate v(r).
11
Let d(z) = -3 - 98*z**2 - 8*z - 104*z**2 - 101*z**2 + 304*z**2. What is d(6)?
-15
Let z(h) = h**2 + 5*h - 9. Let m(u) = -u**2 - 5*u + 8. Let a(l) = -6*m(l) - 5*z(l). Let y(w) = 2*w**2 + 11*w - 7. Let j(v) = -5*a(v) + 2*y(v). What is j(-4)?
-3
Let n(r) = 2*r**2 + 2*r + 1. Let i(u) = -301*u + 5*u**2 - 2*u**2 + 302*u + 10 - u**3. Suppose c - 2 = 2. Let j be i(c). Give n(j).
5
Let q(d) = -d + 3. Let r(o) = -o + 14. Let n(j) = j**3 - 4*j**2 + 4*j - 3. Let g be n(4). Let m = -6 + g. Let v be r(m). What is q(v)?
-4
Let a = 10 + -11. Let w be (1/a)/(7/(-98)). Let i(j) = -j**2 + 2*j**3 + 13*j - 13*j - j**3 - w. What is i(0)?
-14
Let t(z) = -z**3 - 3*z**2 - 2*z - 3. Let n be t(-3). Suppose 0 = 5*q - 5 - 10. Let w(v) = v**2 - q*v - v + v**2. Determine w(n).
6
Let n(s) = 4 + 2*s + 1 - 5. Let o be ((-117)/18)/(2/(-4)). Let f = o - 17. Give n(f).
-8
Let n(o) = 2*o**2 - 38*o + 42. Let s be n(18). Let h(a) = a - 9. Calculate h(s).
-3
Let b be 6*(14/(-7) - (-8)/3). Let z(k) = 3*k + 5. What is z(b)?
17
Let y(f) = -119*f - 61. Let q(m) = -55*m - 30. Let t(h) = -13*q(h) + 6*y(h). Give t(-22).
2
Let b(p) = 3*p**2 + 2*p. Let o be b(-2). Suppose o*n = 4*n - 4. Let u(w) = -w. Let h(z) = -6*z - 10. Let s(d) = n*h(d) + 5*u(d). Determine s(-7).
3
Let v(s) = -5*s - 50. Let h(c) = 7 - 6 - 38*c + 9 + 39*c. Let f(k) = 11*h(k) + 2*v(k). What is f(0)?
10
Let s(d) = -2*d - 14. Let o(w) = -3*w - 28. Let y(n) = -n - 9. Let r(z) = -2*o(z) + 7*y(z). Let f(l) = 7*r(l) - 4*s(l). Let m = -1 - -1. What is f(m)?
7
Let m(y) = 4*y - 1. Let q(s) = 19 - 16 + 3*s - 4. Let c(f) = -2*m(f) + 3*q(f). Suppose -4*r + 5 = z - 3*r, 4*z - 18 = -2*r. What is c(z)?
3
Let d(t) = -13 - 3*t + 14 + t**2 - t**2 - 5*t**2. Let z(g) = g**2 - g. Let b(s) = -d(s) + 3*z(s). What is b(1)?
7
Suppose 2*b = -b + 5*q + 23, -4 = q. Let j(l) = -3*l**2 - 6*l + 4*l**2 + 13*l - b. Calculate j(-5).
-11
Let y(o) = o**2 - 22*o + 44. Let z be y(20). Suppose -3*k + 5*i - 35 = 0, -4*i = -3*i - z. Let w(n) = n + 3. Calculate w(k).
-2
Let b(l) = -4*l**3 - 2 - 6 - 5*l**2 + 0 + 3*l**3 + 4*l. Let a(m) = m**2 + m - 12. Let u be a(-3). What is b(u)?
4
Let i(d) = 7*d - 2094 - 4*d**2 + 3*d**2 + 2092 + 2*d**2. Let s = -12 - -7. Give i(s).
-12
Let m(u) = -u + 3. Let s(o) = -o + 1. Let v(k) = -2*m(k) + 10*s(k). Determine v(3).
-20
Let n = 1752 - 1746. Let m(c) = c**2 - 11*c - 2. What is m(n)?
-32
Suppose -4*n - 5*w = -36, 4*w + 40 = 2*n - 4. Suppose -n*c - 2*c + 48 = 0. Let p(b) be the first derivative of b**3/3 - 2*b**2 - 2*b + 2. What is p(c)?
-5
Let o(k) be the second derivative of 2*k - 6 - 4*k**2 - 1/3*k**3. Determine o(-8).
8
Let s = 2 - 0. Let q(l) = 0*l**2 - 9 + 8 - l**s. Give q(2).
-5
Let x(l) = 2*l**2 + 105*l + 1074. Let u be x(-14). Let h(f) be the third derivative of -f**6/120 - f**5/15 + 5*f**4/24 + 2*f**2. Calculate h(u).
-20
Let k(u) = 6*u**2 + 6*u + 7. Let v(h) = -13*h**2 - 14*h - 18. Let y(t) = 5*k(t) + 2*v(t). Give y(1).
5
Let p(i) = -i**3 + 2*i**2 + 12*i - 9. Let g be p(4). Let y(b) = 3*b - 3. Determine y(g).
18
Suppose -5*u + 9 + 6 = 0. Let r be -2 + -2 + 2 + 5. Suppose 0 = -3*v + u + 9, -r*v = 5*k + 8. Let l(m) = m**2 + 5*m + 5. What is l(k)?
1
Suppose -5*l - 1 = 4*c + 6, -5*c - 13 = 2*l. Let m(r) = r**2 + 1 - 2*r**2 - 3. Give m(c).
-11
Let g = -1015 - -1009. Let b(o) be the second derivative of o**5/20 + o**4/2 + o**3/2 + 2*o**2 + o. Calculate b(g).
-14
Suppose f = -74*z + 72*z - 16, 0 = 4*z - 2*f + 24. Let j(h) be the third derivative of -h**6/120 - h**5/10 + h**4/3 + 4*h**3/3 + h**2. What is j(z)?
1
Let c(n) = -n**2 + 8*n - 9. Let s be 2*(7/49 + (-54)/(-14)). Give c(s).
-9
Let i(j) be the second derivative of 3*j**5/4 + j**4/6 + 2*j**3/3 + j**2 + 2*j - 1. Determine i(-1).
-15
Let m(g) = g**2 + 6*g + 7. Suppose 8*o - 32 = -88. Give m(o).
14
Let h = -22 - -24. Let x be 6 + h + -3 + 0. Let i(r) = -x*r - 2*r**2 + r + r - 3 + 7*r. Calculate i(2).
-3
Suppose 2*w = -50*x + 46*x - 20, 3*w + 30 = -5*x. Let j(p) = -p**2 - 4*p + 24. Determine j(w).
-36
Let s(h) = h + 10. Let o be s(-7). Let a(t) = t**2 + 8*t**2 + 4*t - t**3 - 6*t**2 - o - 7*t**2. Determine a(-5).
2
Let y(o) be the third derivative of 1/120*o**6 - 1/8*o**4 + 3*o**2 - 1/30*o**5 + 0 + 0*o + 2/3*o**3. Let a = -8 - -11. What is y(a)?
4
Let n(b) = b - 1. Let q be n(1). Let z(i) = -3*i**2 + 2 - i - 11 - 12 + 4*i**2 + 8. Determine z(q).
-13
Let p(d) = -d**3 - 36*d**2 + 2*d + 84. Let v be p(-36). Let n(s) = s**3 - 13*s**2 + 11*s + 7. Determine n(v).
-5
Let z(n) = -n**3 - 4*n**2 + 5*n - 3. Suppose -4*p - p = -5, -4*p = -5*m + 6. Let k(i) = 9 + 3*i**2 + 10*i - 3 - 4*i**m + 0*i**2. Let b be k(11). What is z(b)?
-3
Let r(l) = 0*l**2 - 2*l + 3 - 2 - 4*l**3 - l**3 + l**2. Let u(i) = -i - 1. Let a = 2 - 4. Let t be u(a). Calculate r(t).
-5
Let j(l) = 2*l**2 - 3*l + 1. Let p(q) = q**2 - 13*q - 7. Let r(t) = j(t) - p(t). Calculate r(-6).
-16
Let q(s) = -4*s**2 + 8 + 0*s**2 - 9 - s + 3*s**2. Let r(j) = -7*j**2 + 2*j - 3. Let k(z) = 6*q(z) - r(z). What is k(6)?
-15
Let j(n) = -n + 10. Let t = 503 - 499. Give j(t).
6
Let j(w) be the first derivative of 7*w - 9/2*w**2 + 6 + 1/3*w**3. Suppose 20 = -0*d + 4*d. Calculate j(d).
-13
Suppose 4*o - 5*o + 3 = 0. Let d be 0 - 46/(-8) - o/(-12). Let p(v) = v**3 - 5*v**2 - 5*v + 4. What is p(d)?
10
Let a(o) = 12*o - 197. Let f be a(17). Let u(m) = m - 2. Let h(x) = x - 3. Let y(s) = 6*h(s) - 5*u(s). Calculate y(f).
-1
Let g(d) = 2*d - 16. Let z be g(12). Suppose 4*t - n - 14 = 0, 5*n + z = -2. Let r(q) = 0 - 4*q**3 - 1 + q**t + 2*q**3. Give r(2).
-9
Let q(s) be the first derivative of 2*s - 5/2*s**2 + 9 + 1/3*s**3. Suppose -2*j + 3 = -j. Determine q(j).
-4
Let f(n) = -n**2 + 3*n - 1. Let s be (45/(-25))/(1/(-5)). Suppose -20*i + 23*i = s. What is f(i)?
-1
Suppose 2*u - 204 = 6*u. Let k be u/(-6) + 3/(-6). Let z be (k/2)/(4/(-6)). Let g(i) = i**3 + 7*i**2 + 6*i + 3. Calculate g(z).
3
Let z(t) = t**2 - 3*t - 4. Let v(w) = 2*w**3 + 4*w**2 - 5*w + 7. Let a be v(-3). Give z(a).
0
Let r(o) = 3*o. Let i be r(2). Let x(u) be the first derivative of -3*u**2 - 1/4*u**4 + 0*u + 7/3*u**3 + 4. Determine x(i).
0
Suppose -5*i = -i. Suppose i = 3*y + 2 - 8. Let n(w) = -9 + y - 5 - w. Calculate n(-6).
-6
Suppose 5*a - 5 = -0. Let p(k) = k**3 - k**2 - k. Let w(c) = -11*c**3 + 2*c**2 - 1. Let h(s) = a*w(s) + 2*p(s). Calculate h(-1).
10
Let j(h) = -5*h**2 - h**3 + 3 + 0*h**2 + 0*h**2 + 6*h. Let i = 209 + -214. Let o be (-6)/(i + (3 - -3)). What is j(o)?
3
Let x(c) = c**3 - c**2 - c - 1. Suppose 0 = -24*j + 21*j. Calculate x(j).
-1
Let o(j) = j. Let g be o(-7). Let i(h) = -h - 4. Let m(v) = 4*v + 13. Let p = -45 + 38. Let c(d) = p*i(d) - 2*m(d). What is c(g)?
9
Let q be 1/(1*(-3)/(-12)). Let f(x) = 7*x**3 - q + 3*x - 6*x**3 - 3*x**2 - 2*x**3. Calculate f(-4).
0
Let c(p) = -p**2 + 2*p + 4. Let v be c(4). Suppose -6*d + 4 = -2*d. Let o(s) = -s - 1. Let x(b) = -b**3 - 5*b**2 + 3. Let a(u) = d*o(u) + x(u). Determine a(v).
-10
Let b(c) be the first derivative of 3*c**2/2 + c + 2. Let q be (-1)/4 + 1/4. Suppose -5*x + q*t + 2*t = -2, -3*x + t + 2 = 0. Calculate b(x).
7
Let h(j) = -j + 10. Let z be 175/20 + (-3)/(-12). Determine h(z).
1
Let p(h) = h**2 - 4*h - 2. Let u(k) = k**3 + 17*k**2 + 14*k - 32. Let m be u(-16). Suppose -19*z + 16*z + 15 = m. Give p(z).
3
Let x(a) = -53 - 56 - 49 + 158 - 3*a. Calculate x(-10).
30
Let l(v) = -v**3 - 2*v**2 - v. Let p be l(-2). Let o(m) = m**2 + 3*m - 6. Let a be o(-5). Let t(g) = a*g - g - g**2 + 2 + 2*g**p. Determine t(-4).
6
Let m(o) = -o**3 - 7*o**2 + 5*o + 7. Let y(d) = d**3 + 6*d**2 - 5*d - 7. Let c(j) = -2*m(j) - 3*y(j). Suppose 0*s - 4*s - 20 = 0. Calculate c(s).
7
Suppose -p = -r + 1, -3*p = 5*r - 16 - 13. Let u(t) = 7*t + 4. Give u(p).
25
Let r(i) = -i**2 + 5*i + 1. Let t = -235 - -240. What is r(t)?
1
Let n(z) be the first derivative of -2*z**2 - 18*z + 208. What is n(-6)?
6
Let r(h) = -h - 2. Let k be (-6)/(-27) + (725/45)/(-5). Determine r(k).
1
Let n(y) be the second derivative of 